w*z = z. Is r a composite number?
True
Let y = 17 + -7. Suppose -3*n = -n - y. Suppose -3*i - 4*h = 27 - 150, -191 = -n*i - 2*h. Is i a composite number?
False
Suppose 4*s = 3*s + 239. Is s a prime number?
True
Suppose d + i + 47 = 0, -2*d = -3*i + 2*i + 91. Let v = d - -85. Suppose 395 = 5*z - 2*w, 5*z + 5*w - 321 - v = 0. Is z composite?
True
Let y(p) be the third derivative of p**4/8 + 2*p**3/3 - 2*p**2. Is y(5) a prime number?
True
Let q = 225 - 128. Is q prime?
True
Suppose -3*v + 12 = 0, -2*r + 2942 = -0*r - 5*v. Is r composite?
False
Let k = 66 + -42. Let a be (7/(-4))/(2/(-88)). Let u = a - k. Is u prime?
True
Let h(j) = -j**3 + 6*j**2 - 2*j - 1. Let q be 4/(-2 + 1 - -2). Let m = -2 + q. Is h(m) composite?
False
Is (-12)/((-120)/24275) + (-1)/2 composite?
True
Suppose -q + 18 = 4*p - 3*q, -5*p - 3*q + 28 = 0. Suppose 3*g = 5*j + 95 + 111, 2*j + 337 = p*g. Is g composite?
False
Suppose -4*i + 167 = 3*h, 83 = 2*h - 2*i - 33. Let l = -2 + h. Is l prime?
False
Suppose -5*l + 2*l + 3750 = 0. Is l/5 - (2 + 1) composite?
True
Suppose -r - 58 + 845 = 0. Is r composite?
False
Let f(w) = -w**3 - 7*w**2 + 9*w + 9. Let y be f(-6). Let u = y + 113. Let x = 2 + u. Is x prime?
False
Suppose -z = -3*y + 2212, -494 = -2*y + 2*z + 986. Suppose 3*f - 169 = -4*n, -5*f - 2*n + 300 = n. Suppose -89 = -v - i + f, -y = -5*v + 3*i. Is v composite?
False
Let t be (-4)/(-5)*(6 - 1). Suppose -m + 4*d + 5 = -57, -t*m + 200 = -4*d. Is m composite?
True
Let p = 12 - 9. Suppose p*l - 5 = -y - 0, 5*l + 2*y = 7. Suppose 0 = l*w - 10 - 20. Is w a composite number?
True
Let u be 4671/15 + (-2)/5. Let z = u + -166. Is z a composite number?
True
Suppose 3*s + 3*i - 262 = 2*i, -3*s - 4*i + 265 = 0. Is s prime?
False
Suppose 0 = -4*z + 10 + 18. Suppose 2*f = 3*q - 97, -101 = -3*q - 3*f + z*f. Is q composite?
False
Suppose 0*i - 30 = -5*i. Is 292/8 + 3/i a prime number?
True
Suppose -2467 = -3*c + 2*f, -4*c = 4*f + f - 3274. Is c prime?
True
Let c(v) be the third derivative of v**7/2520 + v**6/180 - v**5/24 - v**4/24 - 2*v**2. Let j(m) be the second derivative of c(m). Is j(-6) a composite number?
False
Suppose 3*n = 789 + 735. Let h = n - 305. Is h prime?
False
Let q be 8/40 - 10788/(-10). Suppose q + 841 = 4*k - 4*t, 2*k = t + 962. Suppose -1 = -3*j + k. Is j a composite number?
True
Let k = -312 + 989. Is k prime?
True
Let m(b) = 3*b - 2*b**2 - b**3 - 2*b**2 - 2*b + 3. Let x be m(-5). Is 1 + x - (-4)/(-4) a composite number?
False
Is 274/5 + 4/20 composite?
True
Let i be 6/4*(1 + -3). Let g be (-2 + 1)*(1 - -8). Let x = i - g. Is x composite?
True
Let c = 0 - -2. Let z(o) = 1 - 18*o**3 + 4*o**2 - 4*o**c. Is z(-1) prime?
True
Let r(n) = 139*n - 5. Let y be r(-4). Let i = y + 812. Is i a composite number?
False
Suppose 0*q - 3*q = 12. Is 906/8 + 1/q prime?
True
Let f(s) = -114*s - 1. Let k be f(-1). Suppose -o - k = -2*o + 4*c, c = -o + 93. Is o a composite number?
False
Let r be -1 - (-2 + 5 + -2458). Is (-1)/(-4 - r/(-614)) a prime number?
True
Suppose 3*w - 6 = w. Suppose 11 = 5*x + 3*t, -5*x + 2*t - t + 23 = 0. Let i = w + x. Is i composite?
False
Suppose 0 = 2*i + 42 - 220. Is i prime?
True
Let j(r) = 13*r**2 + r - 21. Is j(7) composite?
True
Suppose -5*m - 595 = 25. Let g = 39 - m. Is g a prime number?
True
Suppose 5*q = 1398 + 467. Is q composite?
False
Suppose -4*f = -c - 4*c - 57, f = 3*c + 23. Let m be f*(0 + (-15)/(-2)). Let r = m + -7. Is r prime?
True
Suppose 0 = -2*m + 6 - 2. Let i be 3 + 210 + 0/(-2). Suppose -2*c + 290 = m*q, 80 - i = -c - 4*q. Is c composite?
False
Let s(h) = 10*h - 1. Suppose -20 = -4*c - c. Is s(c) a composite number?
True
Let f(y) = 19*y - 4. Let g = 22 - 16. Let w = g - 3. Is f(w) a composite number?
False
Let x(i) = -16*i + 7. Suppose 3*l + 5*q = 0, 3*l + q + 18 = 2*q. Is x(l) prime?
False
Let p be ((-28)/10)/(2/(-5)). Let s = -3 + p. Is s/6 - 995/(-15) a composite number?
False
Suppose 2*d - 8 = -2. Suppose -5*t = d*j - 12, -2*t = 3*j - 3 - 0. Suppose -4*u - 62 = -5*y, -5*y + t*u - u = -66. Is y composite?
True
Suppose -3*o + 3830 = -b, 2*o - 926 = -b + 1629. Is o a composite number?
False
Let n be 2 + 0 + -1 - 67. Let t = 141 + n. Suppose -t = -4*s + w, -2*s + 4*w = 7 - 41. Is s prime?
True
Suppose -4*u + 2525 = 3*i, -1024 - 225 = -2*u + 3*i. Is u composite?
True
Suppose 4*u + 0*a + a - 123 = 0, u + a - 30 = 0. Is u a prime number?
True
Let q = 1892 + -697. Is q a prime number?
False
Let b = -1102 - -1544. Suppose 2*z - b = -s, -3*z - 195 = 2*s - 858. Is z a composite number?
True
Is -6 + 155 + (2 - 2) a prime number?
True
Suppose 2*u = -3*z, 0 = -3*u + u + z. Suppose u*o + o = 4. Suppose 5*c - 62 = -3*l, -c - o*c = -l - 46. Is c a composite number?
True
Let m be ((-12)/(-7))/(3/21). Is ((-46)/4)/((-2)/m) composite?
True
Let o(y) = -2*y**3 + 5*y**2 + 6*y + 3. Let c be o(-5). Suppose -4*h = 3*k - 6*k + 17, 5*k + 4*h = 7. Suppose -c = -u - k*u. Is u a prime number?
False
Let n be 6/24 + (-11)/(-4). Let u(s) = -4*s**2 - s**3 - 3*s - 6 - 1 - n*s + 1. Is u(-5) a composite number?
True
Suppose 0 = -5*y - n + 225, y + 4*n = 57 - 12. Suppose 4*v = -y + 273. Is v a composite number?
True
Is 2/4 + 5634/4 a prime number?
True
Let o(k) be the second derivative of 5*k**4/12 + k**3/3 + 2*k**2 + 8*k. Is o(5) prime?
True
Let m = 30 - 28. Suppose -3*f - 5 = -17. Is 2/(f/m) - -38 prime?
False
Is (-1)/((5/(9070/(-4)))/2) composite?
False
Let c(f) = -17*f + 6. Let d(p) = 1. Let z(a) = -c(a) + 3*d(a). Let g be z(4). Suppose 2*u = 3*u - g. Is u composite?
True
Let u be (0 - -1)*1030/(-5). Let x = u - -789. Is x composite?
True
Let k(h) = 22*h - 5. Let f be k(4). Let d = f + -56. Suppose -51 = -2*x + d. Is x composite?
True
Let m be (-477)/4 + 2/8. Let n = 248 + m. Is n a composite number?
True
Suppose 2*y = 3*b - 164, 5*b + 0*y - 282 = -y. Let d = 59 + b. Is d prime?
False
Let r = -66 + -26. Let g = -61 - r. Is g a prime number?
True
Suppose -5*y + 123 = 5*b - 72, 2*b - 2*y = 62. Suppose 0*k = -k + b. Is k a prime number?
False
Let h(v) be the third derivative of 0 - 1/8*v**4 + 8/15*v**5 + 0*v + v**2 - 1/2*v**3. Is h(-2) a composite number?
False
Suppose 0*u + 4*u = 16. Suppose -u*w + 34 = 2*b, -w + b = w - 7. Is w prime?
False
Suppose -r = -5*r + 3*j + 1299, 0 = 3*j + 15. Is r a composite number?
True
Let n = 116 - 219. Let c = n + 151. Suppose 4*q = c + 28. Is q a prime number?
True
Suppose -592 = -2*h - 3*i, h - 5*h = 5*i - 1180. Suppose 0*w - 5*w + h = 0. Is w composite?
True
Let y = 2292 - 827. Is y composite?
True
Let i = -44 - -162. Let u(f) = -f**2 - 5*f - 3. Let s be u(-3). Suppose v + i = s*v. Is v composite?
False
Let t(l) = 24*l + 1. Is t(4) composite?
False
Suppose 3*b - 27 = -7*f + 4*f, 4*f = 16. Suppose 4 + b = 3*o. Suppose -o*p = -16 - 17. Is p composite?
False
Suppose -2*z + 170 = 22. Is z composite?
True
Let b(q) = 2*q**2 + 3*q - 1. Suppose 13 - 3 = -2*y. Is b(y) a composite number?
True
Let o be 0*(-2 + (-15)/(-6)). Let p(g) = 33*g**2. Let m be p(1). Suppose -t = -o*t - m. Is t a composite number?
True
Suppose 2853 = 7*v + 2*v. Is v a prime number?
True
Let s = 585 + 144. Suppose s = -2*h - h. Let q = -124 - h. Is q composite?
True
Is 6/(-4)*4634/(-21) prime?
True
Let k(s) = 74*s + 4. Let v be k(-3). Let m(g) = -28*g + 1. Let q be m(2). Let f = q - v. Is f a prime number?
True
Suppose 879 = 7*v - 4*v. Is v prime?
True
Let z be (6/(-15))/(1/(-320)). Let y = z + -51. Is y composite?
True
Let w be (-81)/(1*-4 + 3). Suppose -72 = 3*k + w. Let y = k + 120. Is y composite?
True
Let b = 1341 - 814. Is b a composite number?
True
Let o(i) = -2*i**2 + 4*i - 4. Let a be o(-5). Let k be -4 - 2/(-4)*314. Let c = k + a. Is c composite?
False
Let k = 6472 - 4371. Is k a prime number?
False
Suppose -4653 = -5*z + 4*w + 5602, 4*z - 2*w = 8204. Is z a composite number?
True
Suppose -2*w = -3*w + 113. Is w composite?
False
Suppose -910 = -0*o - o + t, 3*o + 4*t - 2709 = 0. Is o prime?
True
Let r(y) = 3*y**3 - 7*y**2 + 4*y + 5. Let l be r(4). Is l/4 - (-7)/(-28) composite?
True
Suppose 3*a = 5*g + 251, 2*a + 4*g - 163 = 3*g. Is a prime?
False
Is (4/(-6))/(22/(-8481)) prime?
True
Let i be 4/(4/3 + -2). Let c be (457/(-2))/((-3)/i). Is c/(-7) - (-2)/(-7) prime?
False
Suppose 5*l = -t + 15 - 3, 0 = 2*t + 3*l - 3. Let r(a) = a**2 - a + 1. Let m(b) = b**2 -